 is the tens digit of m(b)?
3
Let d = 32189 - 3714. What is the thousands digit of d?
8
Let k be ((-17 - -1) + 1)*(-109)/3. Suppose 0 = -22*u + 533 + k. What is the tens digit of u?
4
Let l(z) = -6*z - 2 - 8*z - 12*z**2 + 13*z**2. Let g be l(15). Suppose -5*u - 3*j = 0, -3*u + 3*j = -11 - g. What is the units digit of u?
3
Suppose 24*m - 27*m = -32724. What is the hundreds digit of m/72 - 1/(-2)?
1
Let y be (-18)/63 - 280/49. Let v(t) = -t**2 + 10*t - 11. Let k be v(10). What is the units digit of (k/((-33)/142))/((-2)/y)?
2
Let h = 49693 + -34494. What is the tens digit of h?
9
Let l(d) = 2*d**2 + 37*d + 47. What is the thousands digit of l(57)?
8
Suppose 0 = 3*q - 4*r - 8, 0*q + 4*r = q - 16. Let l be (1 - q)*(-2 + (-13)/(-5)). What is the tens digit of 50/4*4*l/6?
2
Suppose -50*h = -43*h - 875. Let u = 234 + h. What is the hundreds digit of u?
3
Let p = 21302 - 13550. What is the units digit of p/17 + 1 + 4?
1
Let j(k) = 77*k + 22. Let r(o) = -o**2 + 6*o - 6. Let t be r(4). What is the tens digit of j(t)?
7
Let j be (2 - 3)/(-2 - -1). Suppose 34*v + 36 = 16*v. What is the hundreds digit of 435/v*(j - 20/12)?
1
Let i(a) = 0 + 10 - 4 + 87 - 44*a. What is the units digit of i(-6)?
7
Suppose -5*i + 6199 + 2830 = -4*b, -5*b - 1789 = -i. What is the thousands digit of i?
1
Let n(x) = 4*x**2 + 6*x + 291. What is the units digit of n(-50)?
1
Suppose -4765 = -69*c + 68*c. What is the thousands digit of c?
4
Let y = 593 + 30734. What is the hundreds digit of y?
3
Let g(v) be the third derivative of v**5/60 + 5*v**4/8 - 11*v**3 - 10*v**2 + 4*v. Let x be (-4)/(-10) - (-107)/(-5). What is the units digit of g(x)?
0
Let c = 83613 - 46552. What is the units digit of c?
1
Suppose -2*f + 2317 = 5*q - 40128, -f - q + 21221 = 0. What is the units digit of f?
0
Suppose 56 = 16*j - 24. Suppose t + 4*s = 579, -6*t + 3*t - 2*s = -1717. Suppose 6*o = o + 4*z + t, 0 = -5*o - j*z + 535. What is the tens digit of o?
1
Let d = -127 - -135. Let o(f) = 4*f**2 - 15*f - 12. What is the units digit of o(d)?
4
Suppose 37839 = 18*m - 54673 + 5626. What is the units digit of m?
7
Suppose -6762023 = -242*l - 1168919. What is the hundreds digit of l?
1
Suppose 3562 + 1613 = -25*f. Let y = 1095 - f. What is the hundreds digit of y?
3
Let a be ((-2 - 1) + 1403/2)*2. Let f = 2108 - a. What is the tens digit of f?
1
Suppose -4*g = -2*f - 626, 3*f + 262 = -5*g + 1017. Suppose -3*d + 473 = -g. Let y = d + -147. What is the units digit of y?
2
Let h = 12148 - 8474. What is the hundreds digit of h?
6
Let o = 4982 + 6380. What is the hundreds digit of o?
3
Let w = -117 - -55. Let x = 60 + w. What is the tens digit of -4 - x*(17 - -3)?
3
What is the tens digit of (81105/(-10) - (-2)/(-4))*(-3)/3?
1
Let g = -90 + 94. Let a(o) = 2*o**3 - 5*o**2 - 12*o + 46. What is the units digit of a(g)?
6
Let l be 459/81 + (-10)/6. Suppose 4*i - 1535 = -i. Suppose -465 = -5*p - z, p - l*p + 5*z = -i. What is the units digit of p?
4
Suppose -28*l + 179490 = 100502 - 781284. What is the thousands digit of l?
0
Let x be 5*(-1 - -3)*1. Let f be (-3)/3 + 5/(x/32). What is the tens digit of (-556)/(-10) + -2 + (-9)/f?
5
What is the hundreds digit of 4/(-3) - (((-129241)/3 - -10) + -14)?
0
Let t(c) = -35*c - 141. Let j be t(-4). What is the hundreds digit of ((-1344)/256)/(j*2/200)?
5
Let c be (-1 - -17)*225/20. Suppose 5*n = 4*n - c. Let b = n + 254. What is the tens digit of b?
7
Let n(g) = 101*g - 4. Let r be n(3). Suppose -r = -5*q - 4*d, 3*q + 2*d - 33 = 146. What is the tens digit of q?
5
Let l(k) = 31 - 153*k - 20 - 36 - 69. What is the hundreds digit of l(-6)?
8
Let s be 6/21 - (1 - (-90)/21). Let j(m) = -m**3 + 2*m**2 + 7*m + 11. Let c be j(s). Let a = -100 + c. What is the tens digit of a?
5
Let u = 2251 - 1423. What is the hundreds digit of (23/(u/(-240)))/((-2)/147)?
4
Let p(u) = -157*u**3 - u. Suppose -f + 0 = -2*c - 2, 1 = -c - f. Let h be p(c). Suppose -5*x - h = -7*x. What is the tens digit of x?
7
Let i = 34373 - 2078. What is the hundreds digit of i?
2
Let x(z) = 43*z - 448 - 16*z + 300. What is the tens digit of x(33)?
4
Let t(b) = b - 3. Let f be t(7). Let o = 40 - -191. Suppose -5*d + 336 = 3*s, 2*s = -f*d + 3*d + o. What is the units digit of s?
7
Let d = -8681 + 23743. What is the hundreds digit of d?
0
Let u(g) = -g**2 + g. Let l be u(-1). Let j(d) be the third derivative of 23*d**5/30 - d**4/24 + d**3/2 + 1827*d**2. What is the tens digit of j(l)?
8
Let q(b) = b**2 - 25*b + 20. Suppose -2*d + 3*t - 49 = 0, 0 = 3*d + 5*t + 66 - 21. What is the hundreds digit of q(d)?
9
Let v be -2*(-7)/(-14)*-5. Suppose 4*j - 4752 = 4*p, -4*j + v*p = -j - 3574. What is the hundreds digit of j?
1
Suppose -i - 15 = 5*k, 2*i + i - 31 = 4*k. Suppose -r = -i*r + 392. Suppose r = 4*o + 2. What is the units digit of o?
4
Let m(c) = -25*c**3 + 27*c**2 + 119*c - 4. What is the tens digit of m(-7)?
6
Let a(z) = -3*z**3 - 17*z**2 + 35*z - 22. Let c(v) = 4*v**3 - v**2 + v + 1. Let j(x) = -a(x) - c(x). What is the hundreds digit of j(14)?
3
Let t be (3 + -3 + 1)/(3/207). What is the tens digit of t - ((-1 - -4) + (-15)/3)?
7
Let w = -1142 + 1604. Suppose -6*g - 747 = -g + r, 4*r - w = 3*g. Let f = g - -228. What is the tens digit of f?
7
Let t be (-2)/1 - (110 - (-2 - 0)). Let k = t - -74. Let x = k + 88. What is the units digit of x?
8
Let a = -219 + 235. Suppose a*m = 27*m - 4554. What is the hundreds digit of m?
4
Suppose 0 = -8*d + d. Let s(m) = m**3 + m**2 + m + 9. Let c be s(d). Let n(f) = 3*f - 7. What is the tens digit of n(c)?
2
What is the hundreds digit of 42/28 + (-4)/(-5) + 79827/10?
9
Suppose 32*t + 7 - 103 = 0. Suppose -2*c = t*l - 1635, -4*c + 2405 = -c - 5*l. What is the hundreds digit of c?
8
Suppose 27*r = 11*r - 14*r + 777390. What is the ten thousands digit of r?
2
Let x be ((-100)/(-60))/(5/6). Suppose x*s + 7 = 3*s. What is the tens digit of (-1 + s)*35/15?
1
Let d be (-56)/(-2)*(-71 - -49). Let s = -434 - d. What is the units digit of s?
2
Let s = 16273 - 10474. What is the tens digit of s?
9
Suppose -6905 = -12*d + 1098 - 515. What is the units digit of d?
4
Let f(i) = -10*i**2 - 3*i - 14. Let c be f(6). Let z = 563 + c. Suppose -5*u - 1 = -z. What is the tens digit of u?
3
Let q = -1952 + 3946. Suppose -2*g + q = -k, 5*g + 5*k = 6704 - 1734. What is the units digit of g?
6
Let p be (-1 - 0)/1*(3 + -38). Suppose 2*c + 2*c = -5*q + p, c - 39 = -4*q. What is the tens digit of q?
1
What is the hundreds digit of ((-10)/3)/(0 - 140/1648584)?
2
Suppose -1373 = -r + 5*m, 12*m - 15*m + 1349 = r. What is the tens digit of r?
5
Suppose -32*w - 33*w + 428485 = 6*w. What is the thousands digit of w?
6
What is the units digit of (-84)/672 - (-306577)/8?
2
Let b(l) = -3*l**3 - 4*l**2 + 3*l + 4. Let s = -101 - -99. Let i be b(s). Suppose 3*c + 552 = i*c. What is the hundreds digit of c?
1
Let p(a) = -155*a - 343. Let r(x) = 2*x**2 - 30*x + 92. Let d be r(5). What is the hundreds digit of p(d)?
8
Suppose 0 = -9*a + 10*a - 5. Let w be ((-2)/((-12)/(-81)))/(a/130). What is the units digit of (w/(-21) + -5)/(2/14)?
2
Let x = 28 - 29. Let a be ((-1)/x - 0) + 83 + 1. Let s = 139 - a. What is the units digit of s?
4
Let x be (1 - 40/25) + 53/5. Suppose 11*a + 4*o = x*a + 975, 4*o = -2*a + 1930. What is the units digit of a?
5
Suppose -2*d = -0*v - 2*v - 42, 3*v + d = -83. Suppose 0 = 4*n - 3*n - 108. What is the units digit of (v/(-8) + -2)*n - 3?
2
Suppose -146599 + 88979 = -59*k + 418687. What is the thousands digit of k?
8
Let u = -152 + 64. Suppose 0 = -2*k - k + 3*m + 981, 0 = 4*k - 5*m - 1303. Let z = k + u. What is the units digit of z?
4
Suppose 39738 = -5*g + 5*v + 132728, 5*g = -4*v + 92990. What is the hundreds digit of g?
5
Suppose -14*m + m + 2766268 = 61*m. What is the ten thousands digit of m?
3
Let h = 221 + -89. Let p be (h/(-15))/((-1)/865). What is the hundreds digit of p/60 + 4/30?
1
Suppose -13*y + 3676 = -9675. Let g = -537 + y. What is the hundreds digit of g?
4
Let o(g) = 2090*g - 38. What is the units digit of o(4)?
2
Let d be (-1)/(-3) + (-32)/(-12). Suppose d*v - v - 2 = 0. What is the tens digit of -1 - (-106 + 3 + v)?
0
Let z(y) = 16*y**2 + y + 6. Suppose 0 = 5*f - 5, 5*v - 32 = 3*f + 10. Suppose 5*m + t = m - v, 0 = 4*m + 2*t + 10. What is the tens digit of z(m)?
6
Suppose 0 = 3